of 191980?
2, 5, 29, 331
What are the prime factors of 6468288?
2, 3, 59, 571
What are the prime factors of 7482061?
23, 325307
List the prime factors of 22332423.
3, 37, 201193
List the prime factors of 17769683.
17769683
List the prime factors of 356541.
3, 17, 6991
What are the prime factors of 7328488?
2, 916061
What are the prime factors of 1027586?
2, 7, 29, 2531
List the prime factors of 680053.
11, 211, 293
List the prime factors of 1668999.
3, 73, 7621
List the prime factors of 30393177.
3, 41, 247099
List the prime factors of 189021.
3, 7, 9001
What are the prime factors of 164753?
67, 2459
What are the prime factors of 358956?
2, 3, 13, 59
List the prime factors of 16667285.
5, 283, 11779
List the prime factors of 27187922.
2, 13593961
What are the prime factors of 1031732?
2, 13, 19841
What are the prime factors of 21713944?
2, 7, 387749
What are the prime factors of 1046298?
2, 3, 11, 83, 191
List the prime factors of 67553.
43, 1571
List the prime factors of 687440.
2, 5, 13, 661
What are the prime factors of 184710?
2, 3, 5, 47, 131
What are the prime factors of 8248983?
3, 19, 144719
What are the prime factors of 361543?
7, 13, 29, 137
What are the prime factors of 451090?
2, 5, 79, 571
List the prime factors of 5491600.
2, 5, 13729
What are the prime factors of 292589?
11, 67, 397
List the prime factors of 7192334.
2, 3596167
What are the prime factors of 7348258?
2, 3674129
What are the prime factors of 216183?
3, 11, 6551
List the prime factors of 318351.
3, 11, 877
What are the prime factors of 2634750?
2, 3, 5, 1171
What are the prime factors of 22314355?
5, 7, 91079
What are the prime factors of 148262?
2, 74131
What are the prime factors of 110176?
2, 11, 313
List the prime factors of 5689623.
3, 857, 2213
List the prime factors of 516136.
2, 149, 433
What are the prime factors of 660817?
660817
List the prime factors of 682198.
2, 11, 2819
What are the prime factors of 13134?
2, 3, 11, 199
List the prime factors of 17176463.
17176463
List the prime factors of 1393908.
2, 3, 116159
List the prime factors of 6844478.
2, 23, 148793
List the prime factors of 227932.
2, 56983
List the prime factors of 7962857.
7, 1137551
What are the prime factors of 236077?
236077
What are the prime factors of 64961?
13, 19, 263
List the prime factors of 11916477.
3, 19, 29, 89
List the prime factors of 179924.
2, 31, 1451
What are the prime factors of 208507?
13, 43, 373
List the prime factors of 284238.
2, 3, 15791
What are the prime factors of 6431889?
3, 2143963
List the prime factors of 2976387.
3, 992129
What are the prime factors of 20337459?
3, 6779153
What are the prime factors of 631343?
269, 2347
What are the prime factors of 36894271?
36894271
List the prime factors of 1418246.
2, 709123
List the prime factors of 253088.
2, 11, 719
What are the prime factors of 3614411?
3614411
List the prime factors of 44047.
17, 2591
List the prime factors of 2371119.
3, 239, 3307
List the prime factors of 408313.
223, 1831
What are the prime factors of 1790939?
1790939
List the prime factors of 7839286.
2, 7, 13, 19, 2267
List the prime factors of 127909.
37, 3457
List the prime factors of 145641.
3, 43, 1129
List the prime factors of 559965.
3, 5, 7, 5333
What are the prime factors of 3200248?
2, 400031
What are the prime factors of 2108973?
3, 702991
List the prime factors of 2623705.
5, 7, 10709
List the prime factors of 141823.
11, 12893
What are the prime factors of 1213717?
61, 101, 197
What are the prime factors of 3614219?
7, 211, 2447
List the prime factors of 1123933.
41, 79, 347
List the prime factors of 8783122.
2, 571, 7691
List the prime factors of 419907.
3, 139969
What are the prime factors of 4246497?
3, 47, 10039
What are the prime factors of 1917519?
3, 431, 1483
What are the prime factors of 1246143?
3, 415381
List the prime factors of 1549190.
2, 5, 37, 53, 79
List the prime factors of 1371869.
463, 2963
What are the prime factors of 275575?
5, 73, 151
What are the prime factors of 335841?
3, 11, 10177
What are the prime factors of 485119?
31, 15649
What are the prime factors of 2262846?
2, 3, 37, 10193
What are the prime factors of 5772356?
2, 23, 62743
List the prime factors of 612494.
2, 306247
What are the prime factors of 65679?
3, 21893
List the prime factors of 5657323.
7, 61, 13249
What are the prime factors of 9235853?
11, 373, 2251
List the prime factors of 1047040.
2, 5, 409
What are the prime factors of 188153?
7, 26879
What are the prime factors of 68899?
68899
What are the prime factors of 557097?
3, 185699
What are the prime factors of 334364?
2, 83591
What are the prime factors of 7271678?
2, 41, 71, 1249
What are the prime factors of 5439385?
5, 7, 23, 29, 233
List the prime factors of 5333434.
2, 2666717
List the prime factors of 48426.
2, 3, 7, 1153
List the prime factors of 189867.
3, 19, 3331
What are the prime factors of 8251927?
173, 47699
What are the prime factors of 4611063?
3, 17, 23, 3931
What are the prime factors of 24659?
24659
What are the prime factors of 19455482?
2, 653, 14897
What are the prime factors of 207561?
3, 43, 1609
List the prime factors of 1276500.
2, 3, 5, 23, 37
What are the prime factors of 408540?
2, 3, 5, 11, 619
List the prime factors of 489778.
2, 244889
What are the prime factors of 1864279?
557, 3347
List the prime factors of 280228.
2, 13, 17, 317
List the prime factors of 326320.
2, 5, 4079
What are the prime factors of 205286?
2, 102643
List the prime factors of 340253.
59, 73, 79
List the prime factors of 1872089.
19, 37, 2663
What are the prime factors of 64815?
3, 5, 29, 149
What are the prime factors of 11185016?
2, 1398127
List the prime factors of 4332249.
3, 257, 1873
What are the prime factors of 18267382?
2, 7, 23, 56731
What are the prime factors of 18999?
3, 2111
List the prime factors of 789568.
2, 13, 73
What are the prime factors of 462327?
3, 19, 8111
What are the prime factors of 709304?
2, 88663
List the prime factors of 271790.
2, 5, 27179
List the prime factors of 408319.
23, 41, 433
What are the prime factors of 23700?
2, 3, 5, 79
What are the prime factors of 104058?
2, 3, 41, 47
What are the prime factors of 458498?
2, 229249
What are the prime factors of 11622760?
2, 5, 223, 1303
List the prime factors of 534833.
13, 41141
List the prime factors of 1481568.
2, 3, 11, 23, 61
What are the prime factors of 151851?
3, 7, 1033
List the prime factors of 2543434.
2, 1271717
List the prime factors of 598932.
2, 3, 127, 131
What are the prime factors of 6829327?
6829327
What are the prime factors of 49368?
2, 3, 11, 17
List the prime factors of 5501225.
5, 197, 1117
What are the prime factors of 104258?
2, 7, 11, 677
List the prime factors of 6824980.
2, 5, 127, 2687
List the prime factors of 367332.
2, 3, 7, 4373
What are the prime factors of 135280?
2, 5, 19, 89
What are the prime factors of 3370493?
7, 59, 8161
What are the prime factors of 889003?
41, 21683
What are the prime factors of 38670?
2, 3, 5, 1289
What are the prime factors of 7000703?
7000703
List the prime factors of 1913750.
2, 5, 1531
What are the prime factors of 588037?
588037
List the prime factors of 901780.
2, 5, 11, 4099
What are the prime factors of 2612823?
3, 19, 23, 1993
What are the prime factors of 562298?
2, 11, 61, 419
What are the prime factors of 15727488?
2, 3, 7, 5851
List the prime factors of 726898.
2, 71, 5119
List the prime factors of 20220.
2, 3, 5, 337
What are the prime factors of 371060?
2, 5, 18553
What are the prime factors of 370914?
2, 3, 61819
List the prime factors of 2307647.
173, 13339
List the prime factors of 80669.
80669
List the prime factors of 701061.
3, 233687
What are the prime factors of 6020512?
2, 47, 4003
List the prime factors of 2347016.
2, 7, 41911
List the prime factors of 4523976.
2, 3, 19, 3307
List the prime factors of 426702.
2, 3, 19, 197
What are the prime factors of 292635?
3, 5, 7, 929
List the prime factors of 319242.
2, 3, 7, 11, 691
List the prime factors of 786867.
3, 73, 3593
What are the prime factors of 878616?
2, 3, 12203
What are the prime factors of 375780?
2, 3, 5, 6263
List the prime factors of 48182.
2, 24091
List the prime factors of 74072.
2, 47, 197
List the prime factors of 330279.
3, 89, 1237
List the p